of 2023866495?
5
What is the hundred thousands digit of 2374535691?
5
What is the hundreds digit of 53572489?
4
What is the ten millions digit of 65309712?
6
What is the thousands digit of 4716395?
6
What is the millions digit of 1358662820?
8
What is the units digit of 16816465?
5
What is the hundred millions digit of 393794258?
3
What is the hundred thousands digit of 814481354?
4
What is the hundreds digit of 70280855?
8
What is the millions digit of 670021138?
0
What is the thousands digit of 5427504753?
4
What is the tens digit of 41414976?
7
What is the thousands digit of 69407726?
7
What is the tens digit of 174360314?
1
What is the ten thousands digit of 30449621?
4
What is the millions digit of 515081164?
5
What is the tens digit of 3922978?
7
What is the hundreds digit of 4950609733?
7
What is the tens digit of 126172674?
7
What is the units digit of 26572743?
3
What is the units digit of 53430712?
2
What is the thousands digit of 128027946?
7
What is the hundreds digit of 28543950?
9
What is the tens digit of 74310042?
4
What is the thousands digit of 76479891?
9
What is the hundred thousands digit of 285971274?
9
What is the thousands digit of 712836347?
6
What is the hundreds digit of 407571556?
5
What is the ten millions digit of 87403760?
8
What is the tens digit of 86648067?
6
What is the millions digit of 3504737971?
4
What is the thousands digit of 15089194?
9
What is the tens digit of 5640391619?
1
What is the thousands digit of 105922716?
2
What is the hundred millions digit of 3270161663?
2
What is the units digit of 2875893897?
7
What is the millions digit of 132419330?
2
What is the units digit of 1193764115?
5
What is the units digit of 70471132?
2
What is the ten thousands digit of 53969708?
6
What is the ten millions digit of 134319951?
3
What is the thousands digit of 1394985561?
5
What is the millions digit of 1112048?
1
What is the millions digit of 815059970?
5
What is the hundred thousands digit of 271182855?
1
What is the units digit of 81309522?
2
What is the thousands digit of 39136399?
6
What is the tens digit of 125456217?
1
What is the billions digit of 2034723149?
2
What is the units digit of 12971900?
0
What is the ten thousands digit of 1030138084?
3
What is the hundred millions digit of 431015016?
4
What is the hundred millions digit of 270810456?
2
What is the tens digit of 915410693?
9
What is the ten thousands digit of 57042150?
4
What is the millions digit of 21664506?
1
What is the hundred thousands digit of 7102390?
1
What is the millions digit of 1049835861?
9
What is the hundred thousands digit of 415069793?
0
What is the hundreds digit of 157797029?
0
What is the hundreds digit of 56980229?
2
What is the tens digit of 4707032069?
6
What is the thousands digit of 94337733?
7
What is the hundreds digit of 385607857?
8
What is the ten millions digit of 53643124?
5
What is the hundred thousands digit of 6640851714?
8
What is the hundred thousands digit of 83050889?
0
What is the millions digit of 1933423308?
3
What is the thousands digit of 4753277160?
7
What is the hundreds digit of 16195326?
3
What is the ten millions digit of 937496784?
3
What is the thousands digit of 443327739?
7
What is the ten millions digit of 1241138662?
4
What is the units digit of 47686364?
4
What is the millions digit of 3599255350?
9
What is the millions digit of 16978368?
6
What is the ten thousands digit of 313024572?
2
What is the hundred thousands digit of 62013996?
0
What is the thousands digit of 22516260?
6
What is the tens digit of 301165729?
2
What is the hundreds digit of 50456879?
8
What is the units digit of 355836713?
3
What is the units digit of 1675967782?
2
What is the ten millions digit of 172272082?
7
What is the ten thousands digit of 1361674770?
7
What is the ten millions digit of 110710335?
1
What is the units digit of 360379323?
3
What is the millions digit of 4574102567?
4
What is the hundred thousands digit of 8496453030?
4
What is the units digit of 1726816756?
6
What is the thousands digit of 144481477?
1
What is the units digit of 1056120063?
3
What is the ten thousands digit of 37691893?
9
What is the hundred thousands digit of 54553062?
5
What is the millions digit of 808825580?
8
What is the tens digit of 43890864?
6
What is the hundred millions digit of 854034052?
8
What is the tens digit of 227738198?
9
What is the tens digit of 207045554?
5
What is the thousands digit of 45751149?
1
What is the ten thousands digit of 1496066950?
6
What is the billions digit of 8405831479?
8
What is the hundred thousands digit of 1627020938?
0
What is the tens digit of 23734323?
2
What is the ten thousands digit of 359828336?
2
What is the thousands digit of 25246409?
6
What is the ten millions digit of 15256846?
1
What is the ten millions digit of 463656606?
6
What is the units digit of 2664254811?
1
What is the ten millions digit of 518861989?
1
What is the hundred thousands digit of 32143423?
1
What is the thousands digit of 3630818782?
8
What is the hundred thousands digit of 64619767?
6
What is the hundred thousands digit of 70533150?
5
What is the units digit of 47778872?
2
What is the hundreds digit of 324650806?
8
What is the hundred millions digit of 2127308325?
1
What is the millions digit of 29154517?
9
What is the millions digit of 1047888784?
7
What is the tens digit of 494965484?
8
What is the hundred millions digit of 3088629035?
0
What is the millions digit of 301080598?
1
What is the tens digit of 2067981611?
1
What is the units digit of 1426810166?
6
What is the hundred thousands digit of 1433145946?
1
What is the millions digit of 102208438?
2
What is the thousands digit of 197396257?
6
What is the billions digit of 1780902094?
1
What is the ten millions digit of 114942482?
1
What is the hundred thousands digit of 60953727?
9
What is the millions digit of 938139356?
8
What is the ten thousands digit of 94736440?
3
What is the ten thousands digit of 2416780101?
8
What is the units digit of 40227937?
7
What is the ten millions digit of 300901279?
0
What is the hundreds digit of 121030564?
5
What is the tens digit of 147935594?
9
What is the hundred thousands digit of 15484911?
4
What is the ten thousands digit of 6938892913?
9
What is the hundred thousands digit of 191732545?
7
What is the hundreds digit of 16196363?
3
What is the thousands digit of 18500252?
0
What is the thousands digit of 1155429623?
9
What is the ten millions digit of 479931782?
7
What is the hundred thousands digit of 142731951?
7
What is the millions digit of 627759358?
7
What is the units digit of 55112985?
5
What is the units digit of 534477415?
5
What is the units digit of 13819001?
1
What is the thousands digit of 245010017?
0
What is the millions digit of 2818781?
2
What is the tens digit of 17495568?
6
What is the millions digit of 26949569?
6
What is the units digit of 220222847?
7
What is the hundred thousands digit of 61845068?
8
What is the hundreds digit of 248013684?
6
What is the hundreds digit of 61867337?
3
What is the thousands digit of 1862899472?
9
What is the hundred thousands digit of 1836483348?
4
What is the millions digit of 334002654?
4
What is the ten thousands digit of 2858267554?
6
What is the millions digit of 213153862?
3
What is the hundreds digit of 60684959?
9
What is the hundred thousands digit of 61548098?
5
What is the units digit of 417515247?
7
What is the hundred millions digit of 2785101967?
7
What is the ten millions digit of 11892321?
1
What is the ten millions digit of 857022174?
5
What is the units digit of 66275908?
8
What is the hundreds digit of 265194625?
6
What is the hundred thousands digit of 82946614?
9
What is the hundreds digit of 392290780?
7
What is the tens digit of 201604332?
3
What is the millions digit of 85845637?
5
What is the thousands digit of 77113966?
3
What is the thousands digit of 606048124?
8
What is the thousands digit of 46149648?
9
What is the hundred thousands digit of 6509980851?
9
What is the ten thousands digit of 3435124549?
2
What is the units digit of 210795605?
5
What is the thousands digit of 43664640?
4
What is the thousands digit of 124497083?
7
What is the ten millions digit of 1171447937?
7
What is the units digit of 163704166